[INFO] fetching crate qrs 0.1.1...
[INFO] checking qrs-0.1.1 against try#72f88fc4e9458f89516a0b8b0868f3718aec5b47 for pr-74989
[INFO] extracting crate qrs 0.1.1 into /workspace/builds/worker-6/source
[INFO] validating manifest of crates.io crate qrs 0.1.1 on toolchain 72f88fc4e9458f89516a0b8b0868f3718aec5b47
[INFO] running `Command { std: "/workspace/cargo-home/bin/cargo" "+72f88fc4e9458f89516a0b8b0868f3718aec5b47" "read-manifest" "--manifest-path" "Cargo.toml", kill_on_drop: false }`
[INFO] started tweaking crates.io crate qrs 0.1.1
[INFO] finished tweaking crates.io crate qrs 0.1.1
[INFO] tweaked toml for crates.io crate qrs 0.1.1 written to /workspace/builds/worker-6/source/Cargo.toml
[INFO] running `Command { std: "/workspace/cargo-home/bin/cargo" "+72f88fc4e9458f89516a0b8b0868f3718aec5b47" "generate-lockfile" "--manifest-path" "Cargo.toml" "-Zno-index-update", kill_on_drop: false }`
[INFO] running `Command { std: "/workspace/cargo-home/bin/cargo" "+72f88fc4e9458f89516a0b8b0868f3718aec5b47" "fetch" "--locked" "--manifest-path" "Cargo.toml", kill_on_drop: false }`
[INFO] [stderr]     Blocking waiting for file lock on package cache
[INFO] [stderr]  Downloading crates ...
[INFO] [stderr]   Downloaded rocket_contrib v0.2.11
[INFO] [stderr]   Downloaded qrcode v0.2.1
[INFO] running `Command { std: "docker" "create" "-v" "/var/lib/crater-agent-workspace/builds/worker-6/target:/opt/rustwide/target:rw,Z" "-v" "/var/lib/crater-agent-workspace/builds/worker-6/source:/opt/rustwide/workdir:ro,Z" "-v" "/var/lib/crater-agent-workspace/cargo-home:/opt/rustwide/cargo-home:ro,Z" "-v" "/var/lib/crater-agent-workspace/rustup-home:/opt/rustwide/rustup-home:ro,Z" "-e" "SOURCE_DIR=/opt/rustwide/workdir" "-e" "CARGO_TARGET_DIR=/opt/rustwide/target" "-e" "CARGO_HOME=/opt/rustwide/cargo-home" "-e" "RUSTUP_HOME=/opt/rustwide/rustup-home" "-w" "/opt/rustwide/workdir" "-m" "1610612736" "--user" "0:0" "--network" "none" "rustops/crates-build-env@sha256:d92eaeed33fa75130ca1ee6c8a01d1ffb62bac859dfdfb3450e3e5d1c0146529" "/opt/rustwide/cargo-home/bin/cargo" "+72f88fc4e9458f89516a0b8b0868f3718aec5b47" "metadata" "--no-deps" "--format-version=1", kill_on_drop: false }`
[INFO] [stdout] e64fb56b9bfdfe36e278c635e7929fd700a54df60812faef48bf57b5e6ccfae9
[INFO] [stderr] WARNING: Your kernel does not support swap limit capabilities or the cgroup is not mounted. Memory limited without swap.
[INFO] running `Command { std: "docker" "start" "-a" "e64fb56b9bfdfe36e278c635e7929fd700a54df60812faef48bf57b5e6ccfae9", kill_on_drop: false }`
[INFO] running `Command { std: "docker" "inspect" "e64fb56b9bfdfe36e278c635e7929fd700a54df60812faef48bf57b5e6ccfae9", kill_on_drop: false }`
[INFO] running `Command { std: "docker" "rm" "-f" "e64fb56b9bfdfe36e278c635e7929fd700a54df60812faef48bf57b5e6ccfae9", kill_on_drop: false }`
[INFO] [stdout] e64fb56b9bfdfe36e278c635e7929fd700a54df60812faef48bf57b5e6ccfae9
[INFO] running `Command { std: "docker" "create" "-v" "/var/lib/crater-agent-workspace/builds/worker-6/target:/opt/rustwide/target:rw,Z" "-v" "/var/lib/crater-agent-workspace/builds/worker-6/source:/opt/rustwide/workdir:ro,Z" "-v" "/var/lib/crater-agent-workspace/cargo-home:/opt/rustwide/cargo-home:ro,Z" "-v" "/var/lib/crater-agent-workspace/rustup-home:/opt/rustwide/rustup-home:ro,Z" "-e" "SOURCE_DIR=/opt/rustwide/workdir" "-e" "CARGO_TARGET_DIR=/opt/rustwide/target" "-e" "CARGO_INCREMENTAL=0" "-e" "RUST_BACKTRACE=full" "-e" "RUSTFLAGS=--cap-lints=forbid" "-e" "CARGO_HOME=/opt/rustwide/cargo-home" "-e" "RUSTUP_HOME=/opt/rustwide/rustup-home" "-w" "/opt/rustwide/workdir" "-m" "1610612736" "--user" "0:0" "--network" "none" "rustops/crates-build-env@sha256:d92eaeed33fa75130ca1ee6c8a01d1ffb62bac859dfdfb3450e3e5d1c0146529" "/opt/rustwide/cargo-home/bin/cargo" "+72f88fc4e9458f89516a0b8b0868f3718aec5b47" "check" "--frozen" "--all" "--all-targets" "--message-format=json", kill_on_drop: false }`
[INFO] [stdout] b8c26de29bcd2ecf92aeaee8dbfeb317daa7cfd0c83e9d4dacb488c38b666935
[INFO] [stderr] WARNING: Your kernel does not support swap limit capabilities or the cgroup is not mounted. Memory limited without swap.
[INFO] running `Command { std: "docker" "start" "-a" "b8c26de29bcd2ecf92aeaee8dbfeb317daa7cfd0c83e9d4dacb488c38b666935", kill_on_drop: false }`
[INFO] [stderr]    Compiling libc v0.2.77
[INFO] [stderr]     Checking lazy_static v1.4.0
[INFO] [stderr]    Compiling maybe-uninit v2.0.0
[INFO] [stderr]    Compiling yansi v0.3.4
[INFO] [stderr]    Compiling rayon-core v1.8.0
[INFO] [stderr]     Checking scopeguard v1.1.0
[INFO] [stderr]    Compiling memchr v2.3.3
[INFO] [stderr]     Checking either v1.6.0
[INFO] [stderr]    Compiling regex v0.2.11
[INFO] [stderr]    Compiling bitflags v1.2.1
[INFO] [stderr]     Checking inflate v0.1.1
[INFO] [stderr]     Checking bitflags v0.7.0
[INFO] [stderr]    Compiling state v0.2.2
[INFO] [stderr]     Checking toml v0.2.1
[INFO] [stderr]     Checking quick-error v1.2.3
[INFO] [stderr]     Checking unicode-width v0.1.8
[INFO] [stderr]     Checking c_linked_list v1.1.1
[INFO] [stderr]     Checking strsim v0.8.0
[INFO] [stderr]     Checking vec_map v0.8.2
[INFO] [stderr]     Checking glob v0.2.11
[INFO] [stderr]     Checking ansi_term v0.11.0
[INFO] [stderr]    Compiling crossbeam-utils v0.7.2
[INFO] [stderr]    Compiling unicase v1.4.2
[INFO] [stderr]    Compiling memoffset v0.5.5
[INFO] [stderr]    Compiling crossbeam-epoch v0.8.2
[INFO] [stderr]    Compiling num-integer v0.1.43
[INFO] [stderr]    Compiling rayon v1.4.0
[INFO] [stderr]    Compiling num-iter v0.1.41
[INFO] [stderr]     Checking gif v0.9.2
[INFO] [stderr]     Checking miniz_oxide v0.4.1
[INFO] [stderr]     Checking thread_local v0.3.6
[INFO] [stderr]     Checking textwrap v0.11.0
[INFO] [stderr]    Compiling rocket v0.2.11
[INFO] [stderr]    Compiling rocket_codegen v0.2.11
[INFO] [stderr]     Checking log v0.4.11
[INFO] [stderr]    Compiling httparse v1.3.4
[INFO] [stderr]     Checking idna v0.1.5
[INFO] [stderr]    Compiling syn v0.11.11
[INFO] [stderr]     Checking deflate v0.7.20
[INFO] [stderr]     Checking base64 v0.9.3
[INFO] [stderr]    Compiling log v0.3.9
[INFO] [stderr]     Checking enum_primitive v0.1.1
[INFO] [stderr]    Compiling mime v0.2.6
[INFO] [stderr]     Checking aho-corasick v0.6.10
[INFO] [stderr]     Checking url v1.7.2
[INFO] [stderr]     Checking crossbeam-channel v0.4.4
[INFO] [stderr]     Checking num-rational v0.1.42
[INFO] [stderr]     Checking png v0.6.2
[INFO] [stderr]     Checking num_cpus v1.13.0
[INFO] [stderr]     Checking time v0.1.44
[INFO] [stderr]     Checking memchr v1.0.2
[INFO] [stderr]     Checking atty v0.2.14
[INFO] [stderr]     Checking backtrace v0.3.50
[INFO] [stderr]     Checking get_if_addrs v0.4.1
[INFO] [stderr]     Checking clap v2.33.3
[INFO] [stderr]     Checking crossbeam-deque v0.7.3
[INFO] [stderr]     Checking cookie v0.6.2
[INFO] [stderr]     Checking hyper v0.10.16
[INFO] [stderr]     Checking error-chain v0.10.0
[INFO] [stderr]     Checking handlebars v0.25.3
[INFO] [stderr]    Compiling derive-error-chain v0.10.1
[INFO] [stdout] error[E0432]: unresolved import `std::net::lookup_host`
[INFO] [stdout]  --> /opt/rustwide/cargo-home/registry/src/github.com-1ecc6299db9ec823/rocket-0.2.11/src/config/config.rs:2:24
[INFO] [stdout]   |
[INFO] [stdout] 2 | use std::net::{IpAddr, lookup_host};
[INFO] [stdout]   |                        ^^^^^^^^^^^ no `lookup_host` in `net`
[INFO] [stdout] 
[INFO] [stdout] 
[INFO] [stdout] error[E0283]: type annotations needed
[INFO] [stdout]    --> /opt/rustwide/cargo-home/registry/src/github.com-1ecc6299db9ec823/rocket-0.2.11/src/http/header.rs:480:47
[INFO] [stdout]     |
[INFO] [stdout] 480 |                 Header::new(key.as_str(), val.borrow())
[INFO] [stdout]     |                                               ^^^^^^ cannot infer type for enum `Cow<'_, str>`
[INFO] [stdout]     |
[INFO] [stdout]     = note: cannot satisfy `Cow<'_, str>: Borrow<_>`
[INFO] [stdout] 
[INFO] [stdout] 
[INFO] [stdout] error: aborting due to 2 previous errors
[INFO] [stdout] 
[INFO] [stdout] 
[INFO] [stdout] Some errors have detailed explanations: E0283, E0432.
[INFO] [stdout] 
[INFO] [stdout] For more information about an error, try `rustc --explain E0283`.
[INFO] [stdout] 
[INFO] [stderr] error: could not compile `rocket`.
[INFO] [stderr] 
[INFO] [stderr] To learn more, run the command again with --verbose.
[INFO] [stderr] warning: build failed, waiting for other jobs to finish...
[INFO] [stdout] error[E0432]: unresolved import `std::net::lookup_host`
[INFO] [stdout]  --> /opt/rustwide/cargo-home/registry/src/github.com-1ecc6299db9ec823/rocket-0.2.11/src/config/config.rs:2:24
[INFO] [stdout]   |
[INFO] [stdout] 2 | use std::net::{IpAddr, lookup_host};
[INFO] [stdout]   |                        ^^^^^^^^^^^ no `lookup_host` in `net`
[INFO] [stdout] 
[INFO] [stdout] 
[INFO] [stdout] error[E0283]: type annotations needed
[INFO] [stdout]    --> /opt/rustwide/cargo-home/registry/src/github.com-1ecc6299db9ec823/rocket-0.2.11/src/http/header.rs:480:47
[INFO] [stdout]     |
[INFO] [stdout] 480 |                 Header::new(key.as_str(), val.borrow())
[INFO] [stdout]     |                                               ^^^^^^ cannot infer type for enum `Cow<'_, str>`
[INFO] [stdout]     |
[INFO] [stdout]     = note: cannot satisfy `Cow<'_, str>: Borrow<_>`
[INFO] [stdout] 
[INFO] [stdout] 
[INFO] [stdout] error: aborting due to 2 previous errors
[INFO] [stdout] 
[INFO] [stdout] 
[INFO] [stdout] Some errors have detailed explanations: E0283, E0432.
[INFO] [stdout] 
[INFO] [stdout] For more information about an error, try `rustc --explain E0283`.
[INFO] [stdout] 
[INFO] [stderr] error: build failed
[INFO] running `Command { std: "docker" "inspect" "b8c26de29bcd2ecf92aeaee8dbfeb317daa7cfd0c83e9d4dacb488c38b666935", kill_on_drop: false }`
[INFO] running `Command { std: "docker" "rm" "-f" "b8c26de29bcd2ecf92aeaee8dbfeb317daa7cfd0c83e9d4dacb488c38b666935", kill_on_drop: false }`
[INFO] [stdout] b8c26de29bcd2ecf92aeaee8dbfeb317daa7cfd0c83e9d4dacb488c38b666935
